he greatest common divisor of u and 133.
19
Suppose -1093 - 103 = -23*h. Calculate the highest common divisor of h and 1586.
26
Let d(g) = -88*g + 7144. Let l be d(28). Calculate the highest common divisor of 200 and l.
40
Suppose -4*u - 2*g = -790, -2*u + 3*g + 453 = 38. Suppose -b + 9 = r, -5*r - 5*b = -2*r - 29. What is the greatest common factor of r and u?
8
Suppose 57 = 3*g - 12. Let s = -658 - -428. Let d = s - -276. Calculate the greatest common factor of g and d.
23
Let y be 2/(-7) + (-23110)/(-35). Suppose -436 = -5*v - 5*m - 116, -v = 4*m - 76. Calculate the highest common factor of v and y.
60
Let f(n) = 13*n - 48. Let s be f(5). Suppose -9*r + 442 = -7*r. What is the greatest common divisor of r and s?
17
Suppose 13*x + 630 - 1254 = 0. Calculate the greatest common divisor of x and 318.
6
Let j(n) = n**3 + 6*n**2 - 51*n - 210. Let a be j(23). What is the greatest common divisor of 14 and a?
14
Let k(r) = -r**2 + 182*r - 1411. Let a be k(9). What is the highest common divisor of a and 10?
2
Suppose -5*p = 4*v - 1536, 3*v - 1437 = 3*p - 312. Let s = -362 + v. Let a be ((-68)/(-6))/(2/30). What is the highest common factor of s and a?
17
Let u(c) = -c + 28. Let o be (-7)/(-7) + 13*-2*1. Let m = o - -19. Let g be u(m). What is the highest common factor of g and 51?
17
Let w(a) = -4*a**3 + a**2 - a + 23. Let f be w(0). Let g = 156 - f. Suppose 3*t + 0*t = 57. Calculate the highest common factor of g and t.
19
Suppose 87*y - 726 = -192 + 510. Let x be (-2)/(-9) + (-2372)/(-18). What is the highest common divisor of x and y?
12
Suppose -26796 = -66*i - 58*i + 8*i. Calculate the highest common divisor of 363 and i.
33
Suppose -58*k - 5984 = -126*k. Calculate the greatest common factor of 1782 and k.
22
Let x = 83 - 79. Let g = x + -4. Suppose -8*j + g*j + 952 = 0. Calculate the greatest common divisor of j and 7.
7
Suppose -3*z + 3*q = -3 - 63, -3*z + 4*q = -61. Suppose -9*i + 2943 + z = 0. Calculate the highest common divisor of 30 and i.
30
Suppose 0 = -s - 97 + 92, 4*x - 4*s - 1000 = 0. What is the greatest common divisor of 2548 and x?
49
Suppose o + 3*r + 24 = -4*o, 3*o = -r - 16. Let h be 251/o - 8/48. Let t = -37 - h. What is the greatest common factor of t and 55?
5
Suppose -z = 303*v - 304*v + 8459, 3*z = v - 8465. What is the greatest common factor of 24 and v?
8
Let k be 1/(-2) + 11/(-4)*-2. Suppose 6*h - h + 456 = -n, 0 = -3*h + k*n - 296. Let o = -79 - h. Calculate the greatest common factor of 91 and o.
13
Suppose 5*h - 338 = -t, t + 2 = -0. Let o(j) = -j**2 + j + 4. Let c be o(2). Suppose 0 = 5*a - c*a - 51. What is the greatest common divisor of h and a?
17
Suppose -3*f - 550 = -8*f. Suppose -14091 - 27359 = 25*x. Let h = -1648 - x. Calculate the highest common divisor of f and h.
10
Let m be 1/(-5) + (-91)/(-5). Let v = m - -84. Suppose 2*h - v = -h. Calculate the highest common divisor of 102 and h.
34
Let m = -3098 + 3345. What is the highest common factor of 38 and m?
19
Let u be (-1 + (-1*784)/(-4))*46/69. What is the highest common divisor of 39 and u?
13
Suppose -6*z + 7 = -w - 4*z, -3*w - 11 = -4*z. Suppose -w*y + 9 = -5*v + 2*v, v + 1 = 0. Calculate the highest common divisor of y and 38.
2
Suppose -s + 364 = -4*r, -127*r = 4*s - 126*r - 1524. Calculate the greatest common factor of s and 160.
20
Let k = -3169 + 5985. Suppose k = -0*l + 4*l. Calculate the greatest common divisor of 64 and l.
64
Let h = 2801 - 1689. What is the greatest common divisor of h and 8?
8
Let s be ((-117)/(-2))/3*12. Let a = 605788 - 605736. Calculate the greatest common divisor of s and a.
26
Let q = -280 + 283. Suppose 5*g - 26 = q*a, 3*g = 8*g - a - 22. Calculate the greatest common divisor of g and 32.
4
Let c = -107 - -127. Let w(l) = l**3 - l**2 - l + 28. Let p be w(0). Let a = 32 - p. Calculate the highest common factor of a and c.
4
Let f = 292203 + -292187. Suppose -1 = 3*o - 7. Let n be -1 + (o - (0 + -1)). What is the highest common factor of f and n?
2
Let b be (78/(-8))/(3/(-16)). Let g(t) = 8260*t - 32858. Let c be g(4). Calculate the highest common factor of b and c.
26
Suppose -2*t - 3*j = -48, 4*t - 26 = 5*j + 4. What is the highest common divisor of 1185 and t?
15
Suppose 0 = 8*p - 2437 + 1733. What is the highest common divisor of p and 814?
22
Let p = 204 - 140. Suppose 26 = -2*k + p. Suppose -172 = -4*q + 4*z, q - z = -4*z + 23. Calculate the highest common factor of q and k.
19
Suppose -39*q + 4*w + 65 = -38*q, 0 = -w - 5. Calculate the greatest common factor of q and 333.
9
Let c = -62 + 62. Suppose c = -14*t + t + 143. Calculate the highest common divisor of 44 and t.
11
Let m(s) = -s**2 + 3*s + 2. Let y be m(4). Let j be (y/(-6))/(3/4383). Suppose 233 = 4*l - j. What is the greatest common factor of l and 20?
20
Suppose p - 56 = -28. Let r be (-24*4/p)/(7/(-98)). What is the highest common factor of 3 and r?
3
Suppose 4*d - 2*s - 290 = 0, -35*s + 33*s + 193 = 3*d. Let n = -140 + 301. What is the greatest common divisor of n and d?
23
Let d(u) = 54*u**3. Let w be d(1). Let s(v) = -v**2 - 13*v - 15. Suppose 28*q = 31*q + 18. Let c be s(q). Calculate the greatest common divisor of w and c.
27
Let v = 25130 + -25106. Calculate the highest common factor of 1448 and v.
8
Let q be 2/9 + 212344/(-396). Let y = q + 638. What is the highest common divisor of y and 6?
6
Let m = 65 - 49. Let d = 35 + m. Suppose -4*l + 16 = 0, -l - 17 + d = r. What is the highest common divisor of 15 and r?
15
Let z = 797 + -795. Let a be (172 - 14/z)/1. Suppose 0 = -4*y + 2*t + 56, 3*t - 4 - 2 = 0. What is the greatest common factor of y and a?
15
Suppose -h = 2*h - 489. Suppose -5*j + h = -247. Suppose j - 26 = 2*n. What is the highest common divisor of n and 56?
28
Let m = -1 - -49. Suppose -6*d + m = -36. Let i be (-16)/(-6)*441/d. What is the highest common factor of 7 and i?
7
Let g be 19136/(-728) + 1/(14/4). Let f = g + 145. Calculate the greatest common factor of f and 7.
7
Suppose 2*h + 14 = -3*s + 5*s, 5*h = s - 19. Suppose -v + s*v = 117. Calculate the highest common divisor of v and 429.
39
Suppose 2*h - 4*k - 1000 = -3044, -3*k + 4113 = -4*h. Let j = h - -1462. Calculate the greatest common factor of j and 10.
10
Let j(o) = -o + 8. Let t be j(-6). Suppose 727 = -8*h - 825. Let g = h + 306. What is the highest common factor of t and g?
14
Suppose a + 39 = 4*b + 573, -6 = -2*b. Suppose 0 = 13*q - 10*q - a. What is the greatest common factor of 14 and q?
14
Let j = -256 - -145. Let w = 46 + j. Let y = 113 + w. What is the greatest common factor of y and 16?
16
Suppose j = -l + 1076, 3*j = 8*j - 20. Calculate the greatest common factor of 16 and l.
16
Let x be (-1 - -95)/(3 - 59/20). Suppose 2*h = -3*j + h + 1422, -x = -4*j + 4*h. What is the greatest common divisor of j and 43?
43
Suppose -6438 = -26*w - 895 + 3557. Calculate the greatest common divisor of 200 and w.
50
Let a = -5116 + 6696. What is the highest common divisor of 100 and a?
20
Let t(u) = 54 - 12*u + 53 - 94 + 0*u. Let y be t(-4). What is the highest common divisor of 366 and y?
61
Let x(j) = 4*j**2 + 4*j - 2. Suppose 0 = 6*t - 0 - 18. Suppose -3*s - t*g = -9, -4*g + 6 = -14. Let o be x(s). What is the greatest common divisor of 1 and o?
1
Let k = 63629 + -63623. Suppose 2*j - 100 = 92. Suppose -7*f + j = -3*f. What is the highest common divisor of f and k?
6
Suppose -40*i + 210 + 157 + 553 = 0. Calculate the highest common divisor of 20631 and i.
23
Suppose -126 + 111 = -5*t. Let l be (39/t)/(-13) + 1*39. Suppose -3*a + 4*x + 358 = -2*a, 0 = 3*a + x - 1022. Calculate the greatest common divisor of l and a.
38
Suppose -8*y - 6*y = -9*y. Suppose -7*z - 13 + 62 = y. What is the greatest common divisor of 91 and z?
7
Let y = -1483 - -1519. Calculate the greatest common divisor of y and 96.
12
Suppose 0 = 4*m - 4*l - 104 - 236, 4*m = -2*l + 358. Let n = -1269 + 1423. Calculate the greatest common factor of m and n.
22
Suppose 22*v - 30 = 19*v - 3*n, -10*v = 2*n - 68. What is the highest common divisor of v and 1458?
6
Let n = 20050 - 20045. Calculate the greatest common divisor of n and 6815.
5
Let o(v) = v - 24. Let m be o(33). Suppose m*z = 12*z - 6. Calculate the highest common divisor of z and 34.
2
Suppose 0 = 2*g + 10, 4*b - 1756 = g - 459. Calculate the highes